6, what is 0 + -11243?
-11243
In base 7, what is 1605 - 1?
1604
In base 10, what is 62 + 18?
80
In base 13, what is 4a2 - 2?
4a0
In base 5, what is 201 - 0?
201
In base 3, what is 12002021 + -11?
12002010
In base 8, what is -1 + 152?
151
In base 5, what is -4 - 444?
-1003
In base 3, what is 1112 + 100?
1212
In base 14, what is -1 + -a3b?
-a3c
In base 12, what is 2 + aa4?
aa6
In base 10, what is -3 + 393?
390
In base 9, what is 377 + -7?
370
In base 6, what is -35 + 240?
201
In base 3, what is 1 - -102222?
110000
In base 7, what is -5 + -431?
-436
In base 16, what is ba + 1?
bb
In base 3, what is 0 + 1202?
1202
In base 2, what is -101111110 - -10?
-101111100
In base 9, what is 1 + -1?
0
In base 15, what is 4467 + 1?
4468
In base 6, what is -3 + 115?
112
In base 3, what is -122002 - 122?
-122201
In base 16, what is 4 + -10?
-c
In base 16, what is -175 - 0?
-175
In base 12, what is -4 + -84?
-88
In base 12, what is b + a43?
a52
In base 9, what is -2 - 8?
-11
In base 12, what is 494 - 7?
489
In base 6, what is -23 - -1052?
1025
In base 9, what is -178 - -5?
-173
In base 13, what is 3 - 25?
-22
In base 16, what is -b2 + 5?
-ad
In base 15, what is 2d3 - -2?
2d5
In base 16, what is ec5 + 5?
eca
In base 2, what is 101010111 - 1011110?
11111001
In base 5, what is 21 - -21?
42
In base 2, what is -101 - -10010011101?
10010011000
In base 15, what is -238 + 0?
-238
In base 3, what is 2111220 + -10?
2111210
In base 2, what is 1000110 - -110?
1001100
In base 5, what is -44 - -13?
-31
In base 12, what is 6 - 259?
-253
In base 7, what is -3 + -123?
-126
In base 3, what is -2001 + 1121?
-110
In base 15, what is 823 - -4?
827
In base 4, what is -10230 - 2?
-10232
In base 8, what is 42 + -242?
-200
In base 13, what is 3 + b24?
b27
In base 3, what is 21 - -100?
121
In base 9, what is 1 + -2010?
-2008
In base 16, what is 69 + -5e?
b
In base 3, what is 112102 - -1211?
121020
In base 6, what is 2 + 1114?
1120
In base 14, what is 1 - -508?
509
In base 5, what is -244324 - -10?
-244314
In base 10, what is -121 + 3?
-118
In base 8, what is -214 - 70?
-304
In base 3, what is -1021212 + 2?
-1021210
In base 5, what is -2203034 - -1?
-2203033
In base 3, what is 2102 + -10?
2022
In base 3, what is -2 - 121110?
-121112
In base 8, what is 11 + 15?
26
In base 9, what is 300 + 0?
300
In base 15, what is 0 + 286?
286
In base 15, what is 65 - e?
56
In base 16, what is -1 - 16?
-17
In base 13, what is 6 - 4?
2
In base 13, what is 36 + a9?
112
In base 16, what is 5 + -32?
-2d
In base 5, what is 11121 - -10?
11131
In base 2, what is -101110101 + 110?
-101101111
In base 11, what is -1806 + 5?
-1801
In base 10, what is -95 - 4?
-99
In base 4, what is 1121032 + -3?
1121023
In base 2, what is 100 + -11110110?
-11110010
In base 10, what is -8782 + 3?
-8779
In base 3, what is -22 + -10220?
-11012
In base 6, what is 1 + -100?
-55
In base 10, what is -9 - -180?
171
In base 2, what is -11011101 - 100010?
-11111111
In base 11, what is 5 + -6a7?
-6a2
In base 6, what is 13012 + 5?
13021
In base 13, what is 68 - 2?
66
In base 3, what is 2112 - 2?
2110
In base 12, what is 304 - -4?
308
In base 13, what is -354 - -15?
-33c
In base 15, what is d + 1c8?
1d6
In base 3, what is -100010 - -222?
-22011
In base 15, what is 91 - a?
86
In base 14, what is -9 + 23?
18
In base 3, what is -1001 - 122?
-1200
In base 13, what is 1 + -96?
-95
In base 4, what is -1 + 2213?
2212
In base 9, what is -5 + -226?
-232
In base 2, what is 111100 - 11?
111001
In base 11, what is 2 + -535?
-533
In base 9, what is -8 + -64?
-73
In base 15, what is -3 + 1180?
117c
In base 6, what is -1533 - -2?
-1531
In base 11, what is -a0 - -3?
-98
In base 4, what is -1100023 - 10?
-1100033
In base 8, what is -60 - -112?
32
In base 16, what is 5 - 117?
-112
In base 4, what is -1 + 1223?
1222
In base 9, what is -4 + 137?
133
In base 12, what is -34 - 8?
-40
In base 9, what is 138 + 26?
165
In base 11, what is 31 - 3?
29
In base 2, what is 1011111 + -101?
1011010
In base 5, what is 104122 - -2?
104124
In base 6, what is 31 - -112?
143
In base 8, what is -4 + -745?
-751
In base 5, what is 124 - 10?
114
In base 14, what is -b3 - 0?
-b3
In base 3, what is -121012221 - -10?
-121012211
In base 15, what is -a13 + 0?
-a13
In base 2, what is 1000101 + -11?
1000010
In base 13, what is -3 + 4b?
48
In base 11, what is -47 + 6?
-41
In base 12, what is 9 + 64?
71
In base 4, what is 21 + 21?
102
In base 10, what is -5 + 244?
239
In base 13, what is 5 - -13?
18
In base 2, what is 1 - -100000101?
100000110
In base 13, what is 38 - -55?
90
In base 7, what is -13 + 1?
-12
In base 13, what is -11a9 + -5?
-11b1
In base 14, what is 14 + 7?
1b
In base 12, what is -3 - 235?
-238
In base 15, what is 1 + 85?
86
In base 7, what is -16 - 3?
-22
In base 15, what is 1206 + -3?
1203
In base 15, what is 11 - 14?
-3
In base 10, what is -9 + 9?
0
In base 13, what is -2009 + -2?
-200b
In base 13, what is -2 + -14a?
-14c
In base 15, what is -1 + 12cd?
12cc
In base 10, what is 3 + -2932?
-2929
In base 6, what is 14 + -44?
-30
In base 12, what is 13 - 5?
a
In base 9, what is -2 - 27?
-30
In base 3, what is 112020 - 2?
112011
In base 6, what is -3 + 50?
43
In base 13, what is -4 - 12?
-16
In base 4, what is 1312 + -10?
1302
In base 11, what is -464 + -16?
-47a
In base 15, what is -1 + -be6?
-be7
In base 15, what is 4 + 101?
105
In base 7, what is -246 + -3?
-252
In base 4, what is -13003 + 3?
-13000
In base 6, what is -1 + 300?
255
In base 14, what is b - 21?
-14
In base 9, what is -566 - 4?
-571
In base 3, what is -2 + -121120?
-121122
In base 9, what is -38 - -10?
-28
In base 12, what is 3 - -11b3?
11b6
In base 15, what is -161 - 9?
-16a
In base 9, what is 2 + 50?
52
In base 8, what is -17 - -14?
-3
In base 10, what is -1418 - -1?
-1417
In base 8, what is -13 + 140?
125
In base 11, what is 0 + 38?
38
In base 15, what is 34d - -1?
34e
In base 9, what is 1 - -151?
152
In base 4, what is 30 - -3?
33
In base 13, what is -336 + -2?
-338
In base 12, what is 1b92 + -5?
1b89
In base 16, what is 4 - 42?
-3e
In base 14, what is d - -274?
283
In base 12, what is -231 + 3?
-22a
In base 12, what is -45 - -21?
-24
In base 5, what is -2012 + -201?
-2213
In base 7, what is -354 - 26?
-413
In base 13, what is -3 - -289b?
2898
In base 5, what is 23 - -1?
24
In base 10, what is 3 - -103?
106
In base 3, what is -1 + 200210?
200202
In base 5, what is -32 + 114?
32
In base 15, what is 4d71 + -3?
4d6d
In base 3, what is 11220 - 11?
11202
In base 14, what is 1 + -1a?
-19
In base 15, what is a + -e9?
-de
In base 8, what is -2433 + -5?
-2440
In base 8, what is -1357 + -12?
-1371
In base 11, what is 71 - -1?
72
In base 4, what is 1213 - -11?
1230
In base 14, what is b5 + 12?
c7
In base 2, what is -101 + -11011001?
-11011110
In base 4, what is 30 - 110?
-20
In base 4, what is -300 - -2?
-232
In base 10, what is -7 - 278?
-285
In base 16, what is b0 - -d?
bd
In base 10, what is 784 + 1?
785
In base 14, what is -3 - -5a6?
5a3
In base 14, what is -3 + -110?
-113
In base 8, what is 235 - -20?
255
In base 15, what is c81c - 3?
c819
In base 7, what is -55010 + -1?
-55011
In base 7, what is 1 + 45?
46
In base 8, what is -116 - -12?
-104
In base 2, what is 0 - 11000100110?
-11000100110
In base 13, what is 118 + -23?
c5
In base 10, what is 0 + -3456?
-3456
In base 12, what is 44 - -24?
68
In base 8, what is -33123 - -3?
-33120
In base 13, what is -12 + -15?
-27
In base 2, what is 11101 + 110110110?
111010011
In base 8, what is -31 + 37?
6
In base 14, what is 4 + 0?
4
In base 5, what is -443 - 320?
-1313
In base 4, what is -200 - -11?
-123
In base 7, what is -345 - 4?
-352
In base 5, what is 13 - -221?
234
In base 13, what is -2 + -5b?
-60
In base 3, what is 21001 - -1?
21002
In base 4, what is -2200 + -112?
-2312
In base 5, what is -1034 - -3?
-1031
In base 4, what is 3102 - 10?
3032
In base 10, what is -1072 - -4?
-1068
In base 8, what is -557 - 3?
-562
In base 7, what is -5636 - -1?
-5635
In base 4, what is 0 - 110100?
-110100
In base 3, what is 2 - 0?
2
In base 10, what is -1 + 41?
40
In base 11, what is -13 + 236?
223
In base 16, what is -4 - 11?
-15
In base 16, what is 8 + -14?
-c
In base 16, what is -7 + -10?
-17
In base 3, what is 1020 - -11011?
12101
In base 2, what is 100 + 11011?
11111
In base 15, w